alculate 39 - -8 - (0 + 13).
34
Calculate 3 + -59 - (9 + (-64 - -30)).
-31
Evaluate -30 - (20 - -97 - 172).
25
Calculate -43 + 70 + (1 - -5) + 205 + -215.
23
Calculate 16 - (-8 - 3 - -66).
-39
What is the value of (19 + -73 + 25 - -44) + -92 + 0?
-77
Evaluate (1 - 12) + (480 + -498 - (-1 + -34)).
6
Calculate 118 + -179 - (5 - (3 - 12)).
-75
Evaluate -19 + 5 - ((-3 - 66) + (18 - 18)).
55
Evaluate -1 - 29 - (176 + -242) - -58.
94
Evaluate 24 + 13 + -11 + -36.
-10
Evaluate 80 + (-91 - -130 - 164).
-45
Calculate (13 - 36) + 5 + 82.
64
Evaluate (13 - -3 - 10) + 37 + (-2 - (-4 + 6)).
39
(10 - 2) + 241 + -102 + -127
20
What is the value of -3 - (38 + -26 - 55)?
40
What is (-13 - (4 + -2)) + 93 + (23 - 67)?
34
Calculate -65 + 104 + 21 + (4 - (-4 + -1)).
69
What is -1383 + 1393 - (0 - (4 + 40))?
54
What is -138 - -65 - (-38 + 1)?
-36
What is -1 + -6 - (-2 + -91 - (30 + -53 + -1))?
62
Evaluate 49 + 3 - (-19 + 62).
9
Calculate 790 + -808 + 28 + 1 - 20.
-9
(8 - (4 - -55) - 6) + 38 + -31 - -3
-47
Calculate (31 - (-14 + 29)) + 4 + -14.
6
What is 12 + -17 + 22 - (9 - -33)?
-25
-155 - (31 - (-43 + 26) - 87)
-116
Evaluate 0 - 157 - (-1020 + 930).
-67
What is the value of (-27 - (-15 + 33 + -9)) + 11?
-25
What is (87 - 22) + -49 + -52?
-36
Evaluate 130 + (25 + -116 - 39).
0
-11 + (13 - -1 - -34)
37
What is -21 + 0 + (14 - -6) - (-44 + -9)?
52
What is (1 - 38) + (28 - 53) + (18 - 0)?
-44
What is (90 - (91 - -26)) + 28 + -5?
-4
Evaluate (-819 - -786) + 70 + 1.
38
Evaluate (-6 - (107 - (-5 + 3) - (-6 + -6))) + 1.
-126
Evaluate -48 - -12 - (-117 + 143).
-62
What is (-21 - -31) + (2 - (0 + (-4 - -8)))?
8
What is the value of 0 - (-3 + -17 + (-2 - -45))?
-23
Evaluate (-211 - -172) + 2 + (5 - 16).
-48
What is 27 - 5 - (2 - -13) - -28?
35
What is the value of -111 + 0 + 1 + (125 + -58 - 49)?
-92
What is the value of 13 - (13 - (-13 + 3)) - (-12 - 1)?
3
-7431 + 7386 + (2 - 0) + 25
-18
What is (-4 - 0) + 320 + -297 + 2 + 6?
27
What is 4 + 31 + (-15 - 26) + 74?
68
Calculate 9 - (9 + 9 - (-22 - -21)).
-10
What is the value of 38 - 46 - (-28 + 18 + 30)?
-28
Evaluate 23 + -31 + -21 + 21.
-8
What is the value of -2 + 49 + (-5 - 88 - -84)?
38
Calculate 3 - 9 - (-41 + (-73 - -56)).
52
Evaluate -47 - (-56 + 29) - (4 - 19 - -57).
-62
Evaluate -2 + (-8 - (37 - -6)) + (1 + 4 - 14).
-62
Calculate 37 + (106 - 51) + -74.
18
Calculate 1 + (-657 - -677 - (60 + 1)).
-40
What is -7 + 7 + 143 + (-101 - -8)?
50
Calculate 110 + -38 - 44 - 40 - -69.
57
Evaluate (1 - 1) + -34 + -6601 + 6726.
91
What is the value of (-65 - (-62 - 2)) + -18?
-19
What is 8 - (12 + 7 + (-7 - 4) + 23 + 10)?
-33
59 + -21 + (10 - ((-14 - -4) + 10))
48
What is the value of 29 + -12 + 0 + -32 - 29?
-44
(-9 - -25) + -29 + (2 - -42)
31
Evaluate 2 + 57 + (-7 - 0 - (13 + (4 - 24))).
59
Calculate 101 - (94 + -29 + -22).
58
Calculate -2 + 11 + 2 - -27 - (-5 + 18).
25
(0 - 3 - -74) + (-15 - -87) + -76
67
What is -30 - (0 - 10 - 22 - -29 - (-4 - 1))?
-32
-7 + (-76 - -67 - (1 + 14))
-31
(-1 - -12) + (-1 - -3) - (-26 - (12 - 27))
24
What is the value of -174 + 252 - ((-1 - 4) + 10)?
73
What is the value of 0 + -120 + 0 - (-17 - -3 - (-83 - -77))?
-112
What is the value of 53 + (-99 - (-41 - 81))?
76
What is -19 + (-18 - -72) + -10 - 35?
-10
What is 1 + 6 + (11 - 2 - 14 - -15)?
17
What is the value of -99 + (18 - 48 - -17 - -8 - (0 - 14))?
-90
Calculate -3154 + 3133 - ((-55 - -4) + (0 - -1)).
29
Calculate (9 - 0) + 2 + (8 - (42 - -1)) + 6.
-18
-57 + (5 - 1) - (-16 + 22 - 4)
-55
Evaluate -18 - -23 - 4 - (-3 - -21 - 4).
-13
What is the value of 25 + (7 - -2) + (666 - 692)?
8
What is the value of (1 + 4 - (-17 - (-2 - 8))) + 1 + -120?
-107
Evaluate (-57 - 2) + 24 + 20 + -26.
-41
What is the value of (42 - 12) + -19 + 10?
21
Calculate -40 - 18 - (-41 - 0).
-17
What is the value of (-37 - -1) + -209 + (67 - -202)?
24
Evaluate -4 - (2 - 1 - (-107 - -102)) - (-54 - 33).
77
What is -24 + (-18 - (-13 + 9 + -2)) + -7?
-43
What is (8 - (-9 + -1)) + -58?
-40
Evaluate (74 - (-43 - -55)) + -59.
3
Calculate -3 + 12 + (605 - 593).
21
Calculate -12 + -1 - (64 - 92) - 14 - (-13 - -7).
7
What is 43 + -27 + (-30 - -20)?
6
What is the value of -2 + (1 - -4) - (-16 + 5) - 55?
-41
Calculate (72 - -1) + (-47 + (-23 - -45) - -23).
71
What is the value of -69 - -97 - (8 + (15 - 3))?
8
(86 - 98) + -8 + 0 + -68 + 64
-24
Calculate -118 + 47 - (-68 - 31).
28
What is (64 + -42 - (-54 - 1)) + -16 + -14?
47
Calculate 66 - (5 - (30 - (3 - (14 + -1 + -21)))).
80
What is the value of -11 + 10 + -18 + 3 + -18 + 23?
-11
What is (3 - 6) + -11 - ((-3 - -1) + -13)?
1
What is 158 + (58 - (45 + 92))?
79
What is -16 + (-10 - (-19 + 7)) + -28?
-42
-52 + 64 + (3 - -13) + -5
23
What is the value of 34 - (-3 + (-5 - -13) - 12 - (-9 - -7))?
39
Evaluate -77 + -30 + (-283 - -304).
-86
What is 17 + 0 + -1 + -96 + 117?
37
What is 1 - -81 - (-47 - -92)?
37
-15 - -33 - (70 + 4) - (23 - 2)
-77
Calculate (-1 - -1 - (-1 - (-1 - -5))) + (5198 - 5072).
131
-2 + 117 + (-966 + 963 - (-1 + 19))
94
What is the value of 26 + (-5 - (44 + -60))?
37
Evaluate -103 + (-17 + 26 - -42).
-52
What is 0 + -16 + -83 + 224 + -174?
-49
Evaluate (-11 - 0) + -47 + 13 + -18 + 9.
-54
Evaluate 43 - (85 - 65 - 19).
42
What is the value of -15 + (4 - (-7 + 12 + -12)) + 1 + -11?
-14
What is the value of -1 + (-19 + 2 - (32 + -6))?
-44
What is 344 + -365 + 48 + -1 - -21?
47
What is -16 + 23 + 24 + -40 - 22?
-31
Evaluate -41 - ((-18 - -17) + -14) - -13.
-13
90 + -68 + -1 + 1 + -7 - 57
-42
What is 99 + (-173 - -17) - (11 + 2)?
-70
What is the value of (-84 + -77 - -40) + (-19 - 2 - 1)?
-143
What is -9 + 2 - (-7 + (19 - -4) - (42 + -7))?
12
Evaluate -1 + (-16 - 21) + (-7 - 46).
-91
What is 1 + -18 + 1796 + -1813?
-34
What is 3 + (-16 - (-21 - -9)) + (3 - (156 - 7))?
-147
What is the value of -177 + -87 + 189 + 1?
-74
(-21 - -14) + (-1 - 7) + (-57 - -38)
-34
(10 + 66 - (-17 - 1)) + 7 + -9
92
What is the value of 17 + (-12 + -4 - -13) - -20?
34
Evaluate 3 + -2 + -15 + -2 + 26.
10
21 - ((-13 - -21) + 68 - -4)
-59
Calculate 19327 - 19222 - (1 - -153).
-49
Evaluate -23 + -3 + (79 - -90 - 59).
84
3 - (-5 + 3 + 0 - (-25 - 19 - -53))
14
What is the value of 123 - (-161 - -169 - -154)?
-39
What is (-2 - 19) + (-39 - (-88 - -58))?
-30
What is (41 - 0) + (23 - 27) + 2?
39
What is 16 - 0 - (102 + -99 + 44)?
-31
What is (88 - 138) + -34 - (5 + (4 - (2 + 0)))?
-91
What is the value of (2 - 3 - -8) + (322 - 248) - (8 - 1)?
74
What is -23 - -65 - (7 + (11 - 5))?
29
Evaluate -296 + 305 - (-1 - -2) - (6 - -15).
-13
Calculate (-5 - (18 + (-33 - -11))) + 2.
1
Evaluate -43 + (30 - 4 - (-11 + 28) - -10).
-24
What is the value of (-25 - 0) + -701 + 762?
36
What is the value of -3 - (-76 - (-60 - -34))?
47
What is the value of -63 - (-96 + 79 + -6)?
-40
Evaluate (-6 - -6) + 32 + 133 + -131.
34
Evaluate -20 + 28 - (-2 + -7 + 13).
4
Calculate -5 + -63 - -59 - -11.
2
2 + 5 - ((22 - -9 - 10) + 12)
-26
What is the value of (-11 + -50 - -73) + 5 + -2 + 1?
16
Calculate 13 + ((-19 - -46) + -27 - (37 - 3)).
-21
What is -52 - (51 + (-92 - 6))?
-5
-6 - (4 - (4 - ((3 - 6) + 8 - 63)))
52
What is -24 + -4 + -53 + (-19 + 34 - 21)?
-87
What is the value of 8 + -17 - -26 - (-17 - -11)?
23
Evaluate -8 + (10 - (-14 - (2 + -11)) - 10 - 2).
-5
What is the value of -46 + 29 - 15 - -75?
43
9 + (0 - 3 - (27 + -24) - -1) + 2
6
What is -36 + (44 - 23) - (-26 - 7)?
18
Calculate -33 + 28 - (-53 - 8 - -14).
42
Evaluate (-28 - (-4 - 51)) + -69 + 25.
-17
Evaluate (25 - (-40 - -73)) + 9 + 10.
11
(85 - 50 - 81) + -2 + -1
-49
Calculate (-1 - -139) + -3 + (-27 + 45 - -8) + -8.
153
What is the value of (2 - -30) + 15 + -46 + 78?
79
What is the value of 1 - 15 - 1 - (-58 - -215 - 53 - -8)?
-127
Calculate (67 - 169 - -121) + -1 + 82 + 8.
108
What is the value of (-37 - -7) + (123 - (1 + 10))?
82
94 + -184 - -140 - -35
85
Evaluate -45 + (5 + -7 - 7) + 19 - 12 - -6.
-41
What is the value of 32 - 35 - (20 + -21 - (0 + 0 + -16))?
-18
(10 + -22 - (-7 - -2)) + 18
11
3 + -6 + (10 - 16) + 78 + -10
59
Calculate 9 - (-2 + 25 - (29 + 32 + -49)).
-2
Evaluate -19 - (3 - ((-9 - (-30 - -8)) + -10)).
-19
Evaluate -31 + 43 - (159 + -153).
6
What is the value of 30 - (36 - (-3 + 16 - 0))?
7
What is the value of -47 + -51 + 44 + 17?
-37
What is the value of 17 - (70 - -6 - 11) - (12 + -3)?
-5